divided by z.
5
Let a = 10 + -4. Calculate the remainder when 17 is divided by a.
5
Let j = -63 - -156. Calculate the remainder when 13 is divided by (-6)/(-33) + j/33.
1
Let m be 445/(-25) - (-2)/(-10). Let i = 25 + m. Calculate the remainder when 20 is divided by i.
6
Let h(s) = 2*s**2 + 2*s - 3. Let j be h(-3). Let o = j + -6. What is the remainder when 8 is divided by o?
2
Let f = 8 + 14. What is the remainder when 83 is divided by f?
17
Suppose -f + 2*f = k - 24, 5*f + 78 = 3*k. What is the remainder when 75 is divided by k?
12
Suppose 6*s - 2*s = -12, 0 = -4*g + 4*s + 272. Let c = g + -3. What is the remainder when c is divided by 1 - 0 - (0 - 20)?
20
Let w(g) = g**2 + 12*g - 14. Calculate the remainder when 55 is divided by w(-14).
13
Suppose -t = -6*t. Let i(l) = l**3 - l**2 - l + 5. Suppose 4*s - 8 = 3*s. What is the remainder when s is divided by i(t)?
3
Let v = 11 - 21. Let p = v + 19. Suppose p = 5*w - 21. What is the remainder when 11 is divided by w?
5
Suppose -126 - 17 = -13*p. Let b(x) = 3*x**2 + 4. Calculate the remainder when b(-3) is divided by p.
9
Suppose -2*z + 1 = -3. Calculate the remainder when 7 is divided by z.
1
Let y(u) = 7 - 9 - 1 + 2 + u. What is the remainder when 25 is divided by y(10)?
7
Let u = 50 + -24. What is the remainder when 103 is divided by u?
25
Suppose 25 = -5*p, -29 = 3*d + 2*p + 38. Let v = d + 33. Suppose 3*u = 4*u - 8. Calculate the remainder when v is divided by u.
6
Let w(d) = -d**3 + 3*d**2 - 4. Let g be w(3). Suppose 0 = -6*j + 2*j - 12. Let k = j - g. What is the remainder when k is divided by 1?
0
Suppose 25 = 3*w + 2*w. What is the remainder when (-72)/21*(-35)/10 is divided by w?
2
Let r(f) = f**3 + 23*f**2 + 57*f + 10. Calculate the remainder when r(-20) is divided by 19.
13
Suppose -s - 3*s + 536 = -k, 4*s - 4*k = 536. Calculate the remainder when s is divided by 34.
32
Let n = 2 - 4. Let r = 4 + n. Calculate the remainder when 5 is divided by r/6 + 16/6.
2
Let q(w) = 4*w - 5. Let j = -5 - -8. Suppose -j = -l + 8. Calculate the remainder when q(6) is divided by l.
8
Suppose 0 = -2*z + 7 + 13. Suppose 0 = -5*s + 2*x - 56, -3*s - x - 2*x - 21 = 0. What is the remainder when z is divided by ((-18)/15)/(4/s)?
1
Suppose 6*h + 100 = 11*h. Calculate the remainder when (13/3)/(1/9) is divided by h.
19
Let a be (-2)/8 - 1/(-4). Let v = 4 + a. Suppose 9 = 2*d + d. Calculate the remainder when v is divided by d.
1
Let b(h) = h**2 - h + 28. Let o be (-8)/40 - 1/(-5). What is the remainder when b(o) is divided by 10?
8
Let p be (-326)/(-8) + 10/40. Let c = p + -26. What is the remainder when c is divided by 6?
3
Let o(j) = 2*j**2 + 8*j + 37. Let n(k) = -k**2 - 4*k - 19. Let r(t) = 11*n(t) + 6*o(t). What is the remainder when r(-9) is divided by 1 - 2 - (-22 + 1)?
18
Suppose -7*g - 56 = -196. Calculate the remainder when 57 is divided by g.
17
Suppose j = -j. Calculate the remainder when 5 is divided by j/3 + 12/3.
1
Suppose 70 = w + 4*w. Calculate the remainder when 25 is divided by w.
11
Let u = 2 + 9. Suppose 0 = -4*j + 2*q + 130, 4*j - 2*q = j + 98. Calculate the remainder when j is divided by u.
10
Let i be (-6)/10 - (-1096)/(-40). Let q = 55 + i. Calculate the remainder when q is divided by 14.
13
Let o = 12 + 3. Suppose -3*t - 21 = -3*u, -2*u - 3*t - t + 20 = 0. What is the remainder when o is divided by u?
7
Let y(p) = -p**3 - 6*p**2 + 7*p + 3. Let g be y(-7). Suppose -g*b - 2*b = 0. Suppose 33 = -b*u + u. Calculate the remainder when u is divided by 12.
9
What is the remainder when ((-6)/12)/(5/(-230)) is divided by (14 - (4 + -2)) + 1?
10
Let v(y) = 6*y - 3. Let w(u) = -8*u + 1. Calculate the remainder when w(-2) is divided by v(2).
8
Suppose 3*y = -2*y + 15. Let j(w) = 7*w**2 + w**3 + 3 - 2 - 3*w**2 - 6*w. What is the remainder when j(-5) is divided by y?
0
Let s(t) = -t**3 + 2*t**2 + 5*t - 4. Let g be s(3). Let c(a) = 6*a**3 - 3*a**2 + a + 1. Calculate the remainder when c(g) is divided by 20.
19
Let o(b) = 68*b**2 - 1. Suppose -5*h - 9 = -3*v + 2*v, -3*h = 4*v - 13. Calculate the remainder when o(h) is divided by 17.
16
Suppose -2*w = -4*w + 4. Suppose -w*a - 3*a + 265 = 0. What is the remainder when a is divided by (12/(-10))/((-3)/45)?
17
Let w = -5 - -9. Suppose q - 4*y = 6, 3*y = 4*q + y - 38. Calculate the remainder when q is divided by w.
2
Suppose -1 + 11 = -2*s, -4*j - s = -55. What is the remainder when j is divided by 6?
3
Let b(r) = -r**3 - 9*r**2 + 11*r + 11. Let u be b(-10). Calculate the remainder when u/5 - (-10935)/75 is divided by 37.
35
Let t = 1 + 3. Let c = -15 + 24. What is the remainder when c is divided by t?
1
Let b = -14 - -32. Let f(v) = -v**3 - 7*v**2 - v + 3. Calculate the remainder when b is divided by f(-7).
8
Let y(s) = -s**3 + 6*s**2 + 2. Let o be y(6). Let c = -4 - -50. Calculate the remainder when c is divided by -1 + 3 + o*7.
14
Let i = -78 + 91. Calculate the remainder when 51 is divided by i.
12
Suppose 2*z - 4*v = 88, 0 = 3*z - 2*v - 0*v - 112. Calculate the remainder when z is divided by 9.
7
Calculate the remainder when 22 is divided by ((-273)/7)/(6/(-2)).
9
Let v(i) = i**2 + 8*i - 1. What is the remainder when 75 is divided by v(-10)?
18
Suppose 0 = 4*t - 61 + 17. What is the remainder when 64 is divided by t?
9
Suppose 245 = 5*a - 3*s - 0*s, 0 = 4*s. Calculate the remainder when a is divided by (4/6)/((-2)/(-39)).
10
Let h(z) be the second derivative of -1/12*z**4 + 0 - 1/6*z**3 + 1/10*z**5 - 1/2*z**2 + 2*z. Calculate the remainder when h(2) is divided by 5.
4
Suppose 5*f - 5*y + 1 = -4, 2*y = -5*f + 23. Let x = f - -18. Calculate the remainder when x is divided by 6.
3
Let y(k) = 3*k**2 + k - 2. Let u be y(2). Suppose d = 2*d - a - u, -2*a + 6 = 0. What is the remainder when 57 is divided by d?
12
Let p(v) be the third derivative of v**6/120 + v**5/10 - 3*v**4/8 - v**3/2 + 3*v**2. What is the remainder when 20 is divided by p(-7)?
9
What is the remainder when (-10 + 15)*(-2)/4*-34 is divided by 45?
40
Suppose -g - 4 + 6 = 0. Suppose -5*z + 1 = -24. Calculate the remainder when z is divided by g.
1
Calculate the remainder when -30*2*5*4/(-8) is divided by 22.
18
Let k = -26 - -48. Calculate the remainder when k is divided by 8.
6
Suppose 3*m + c - 3*c = 0, 4*c = 12. Suppose -m*t + 33 = t. Calculate the remainder when t is divided by 6.
5
Suppose 0*n = -3*n + 597. Let k = n + -112. What is the remainder when k is divided by 22?
21
Let n be 246/(-21) + 10/(-35). What is the remainder when 29 is divided by ((-48)/(-10))/(n/(-40))?
13
Suppose 4*a + 4 = 6*a. Let q = -2 + a. Suppose 0*v + 5*v - 80 = q. What is the remainder when 47 is divided by v?
15
What is the remainder when 3 is divided by (-33)/(-11) + (-4 - -2)?
0
Let f = -9 - -16. Let l = 124 + -104. Calculate the remainder when l is divided by f.
6
Suppose 0*d - 2*d + 70 = 4*l, 5*l - 3*d = 115. Calculate the remainder when 57 is divided by l.
17
Suppose 5*d + 51 = -14. Let h = d - -24. What is the remainder when (-32)/(-24)*(-15)/(-1) is divided by h?
9
Suppose 10*s - 32 = 11*s. Let g = s - -75. What is the remainder when g is divided by 11?
10
Suppose -4*g - 22 = -6*g. Suppose -2*r - 27 = r. Let u = r + 15. What is the remainder when g is divided by u?
5
Let s be 1 + (-1 - -3) + 13. Let r be ((-27)/9)/((-6)/64). Let m = r - s. What is the remainder when m is divided by 6?
4
Let l = 31 - 43. Calculate the remainder when 115/9 - l/54 is divided by 2/(-6) + (-32)/(-6).
3
Let w be 10*(-3 + (-2 - -4)). Let f = 1 - w. Suppose 3*c - 27 = -5*m + 66, 5*c - 43 = -3*m. Calculate the remainder when m is divided by f.
10
Let v = 39 - 28. What is the remainder when 43 is divided by v?
10
Let c = 89 + -12. Calculate the remainder when c is divided by 20.
17
Let k = -51 + 91. Suppose y + 13 = 53. Let p = y - 26. What is the remainder when k is divided by p?
12
Suppose o = -0*o + 12. Suppose z = -z + 18. What is the remainder when (-10)/(-45) + 196/z is divided by o?
10
Let f(w) = -4*w**3 - 3*w**2 + w + 4. Calculate the remainder when f(-2) is divided by 13.
9
Suppose -3*c + 3 + 9 = 0. Suppose 3*x = -0*x - 3*w + 15, 0 = -5*x - c*w + 27. Let q(u) = u + 12. What is the remainder when x is divided by q(-9)?
1
Let w(t) = -t**2 + 7*t - 4. Let s be w(6). Suppose -4*z = -3*z - 10. What is the remainder when 28